q - 3*l. What are the prime factors of q?
29
Let l = 49 - 13. Let v = 38 - l. List the prime factors of 3535/91 + v/13.
3, 13
Let s(k) = -k**2 - 14*k - 17. Let m be s(-4). Suppose 5*w - 5*c = 95, 5*w + 0*c + 3*c = 95. Let j = w + m. What are the prime factors of j?
2, 3, 7
Let d(z) = -z**2 + 10*z + 5. Let g be d(10). List the prime factors of 24 + -3 + -1 + g.
5
List the prime factors of (0 + 63/12)*1424/6.
2, 7, 89
Suppose 16*r = -53*r + 291387. List the prime factors of r.
41, 103
Suppose 3*u - 220 = -3*w + 8, -220 = -3*w - 5*u. List the prime factors of w.
2, 5
Suppose 6*b - 100 = 2*b. Suppose -b*u - 81 = -28*u. List the prime factors of u.
3
Suppose 0 = 3*y - 9. Let w be (3 - y)/(-2) - -2. List the prime factors of 572/24 + w/12.
2, 3
Let f be (((-1785)/(-2))/15)/(2/4). Let n = 139 - f. List the prime factors of n.
2, 5
Let n(m) = m**3 - 15*m**2 + 2*m - 20. Let s be n(15). Let p = -13 + s. Let r(h) = -17*h - 1. What are the prime factors of r(p)?
2, 5
Suppose 69*q + 1904 = 76*q. List the prime factors of q.
2, 17
Let g(z) = 20*z + 1. Let m be g(-12). Let l = m + 442. What are the prime factors of l?
7, 29
Let l(k) = -k + 220. List the prime factors of l(-46).
2, 7, 19
Let c(l) = 7*l - 13. Let k = 29 - 23. List the prime factors of c(k).
29
Let h = 718 - -28. What are the prime factors of h?
2, 373
Let a(l) = -10*l + 26. Let n be a(-12). Suppose 5*m - n = 174. Suppose -5*p + 56 = -m. What are the prime factors of p?
2, 3
Let z(t) = -t**2 + 12*t - 18. Let k be z(9). Let p(d) = k - 2 + d**2 + 2 - 5*d. What are the prime factors of p(6)?
3, 5
Suppose 7*r + 4*t = 2*r + 9939, -4*r = 3*t - 7951. What are the prime factors of r?
1987
Let q(k) be the second derivative of 3*k**5/20 - k**4/6 + k**3/2 - k**2 - 65*k. Let n be (-12)/(-5) + 6/(-15). List the prime factors of q(n).
2, 5
Suppose -4*i + 565 = 3*m, 3*i = -5*m + 380 + 30. Let o = i + -108. What are the prime factors of o?
37
List the prime factors of (-4 - (4 - 7)) + 2413 - -5.
2417
Suppose -l + 33 = 3*g, 255 = -0*l + 5*l - 3*g. Suppose -2*a - 5*q = 140 + l, -a + q = 101. Let i = -53 - a. What are the prime factors of i?
2, 23
Let q = -220 + 238. List the prime factors of q.
2, 3
Let n be (3 - 5)/((-8)/20). Suppose -n*q + 1051 = 4*r, -2*q + 207 + 220 = -5*r. List the prime factors of q.
211
What are the prime factors of 11 + 101 + -6 + 3?
109
Let r = -35 - -15. Let s be (-102)/(-4)*r/6. What are the prime factors of s/(-10) + 1/2?
3
Suppose -3*r - z + 4*z - 3 = 0, 5*z + 20 = 0. Let m = 7 + r. Suppose 12 = m*w - 0. List the prime factors of w.
2, 3
Let n be -1*6*(-36)/6. Suppose -5*l + n = l. What are the prime factors of (-26 + l/(-3))/(-2)?
2, 7
Suppose 0 = p + 2*y + 2, p + 0 = y - 11. Let i = -10 - p. List the prime factors of ((-57)/12)/(i/8).
19
Let h = 5 + 0. Suppose 42 = h*v - 2*v. Let s = v - 8. List the prime factors of s.
2, 3
Let d(c) = -c**2 + 5*c + 10. Let p be d(6). Suppose -4*x + 347 = -5*o, -4*x + p*o + 348 = -0*o. List the prime factors of x.
2, 11
Let b = -1 - -4. Suppose 2*x = 3*n - b, 3*n + 2*n - 18 = -x. Suppose -3*f = -2*y - 80, -2*f + 78 = f - n*y. What are the prime factors of f?
2, 7
Let c = 1140 - 77. What are the prime factors of c?
1063
Let h(u) = -5*u**2 + 4*u - 4. Let n be h(3). Suppose -d + 282 = 5*g, 2*g - 300 = -3*g + 5*d. Let q = g + n. What are the prime factors of q?
2, 5
List the prime factors of (-1)/7 - (-13629)/49.
2, 139
Let o be (4/(-8) + 0)*(-4 - 6). Suppose -f = -2*s + 110, -2*s - o*f - 110 = -4*s. What are the prime factors of s?
5, 11
Suppose -q = -2*h + 4*h - 15, -q + 8 = -5*h. What are the prime factors of q?
13
Suppose -3*y - k + 4185 = 0, k - 1395 = -y - 0*y. What are the prime factors of y?
3, 5, 31
Suppose -3*l + 4*h - 94 = 0, 0*h - 4 = -4*h. Let p = l + 43. List the prime factors of p.
13
Suppose t - 4*t = 4*z + 2, 4*z - 2 = -5*t. Let i(a) = -4 - t - 6*a - 3. List the prime factors of i(-6).
3
Let m = -32 - -36. Suppose 3*b - m*g = 310, 0*g - 192 = -2*b - g. List the prime factors of b.
2, 7
Let b(s) = 9*s**2 - 3*s**3 - 4*s + s**3 + 2*s**3 - s**3. Let t(d) = 7*d**2 + d. Let p be t(1). List the prime factors of b(p).
2
Let f = 5009 - 2846. What are the prime factors of f?
3, 7, 103
Let g(q) = -5*q + 22. List the prime factors of g(-35).
197
Let g be -2 + -2 + -93 + -1. Let p = 170 + g. What are the prime factors of p?
2, 3
Let h be (-2)/(-3) - (-12534)/18. Suppose 0*a + h = 5*a + z, -a - 5*z + 149 = 0. List the prime factors of a.
139
Suppose k - 3*k - 23 = -3*j, j = 4*k + 11. Suppose -j*s - 97 = -398. List the prime factors of s.
43
Suppose -3068 - 546 = -2*i. List the prime factors of i.
13, 139
List the prime factors of ((-3199)/21)/((-5)/45).
3, 457
Suppose 3*b = 5*c - 14557, 5828 = 22*c - 20*c + 4*b. List the prime factors of c.
2, 7, 13
List the prime factors of (4/12)/((-2)/(-2166)).
19
What are the prime factors of -11*(11 - (258 - 0))?
11, 13, 19
Suppose -4*u + 14 = -2*t, -2*u + u = 3*t + 21. Let f be -4*(t/2)/7. What are the prime factors of f + (-3 - -5) - -45?
7
Let c(d) = 10*d**2 + 1. Let g be -3 + 3 - (0 + -6). Suppose 0 = g*o - 5*o - 2. List the prime factors of c(o).
41
Suppose 3*q - 2*k = -6*k + 1625, 3*k = 5*q - 2718. List the prime factors of q.
3, 181
Let r(u) = -2317*u + 15. List the prime factors of r(-1).
2, 11, 53
Suppose 3*l - 5*r = -135, -2*l - l - 135 = -r. Let z be 1/(-5) - 1359/l. Suppose 0*n + 2*u - 37 = -3*n, -3*u = -5*n + z. What are the prime factors of n?
3
Let a be 72/(-27) - (-2)/3. Let f = 4 + a. Suppose 3*o - 62 = -2*u, -f*o - 3*o - 4*u = -106. List the prime factors of o.
2, 3
Let t = 60 + -21. Let g = 106 - 50. Let w = g - t. What are the prime factors of w?
17
Let g be 1 + (-4 - (1 + 4)). Let f(w) = 5*w + 3. Let i(j) = 11*j + 7. Let r(v) = -9*f(v) + 4*i(v). What are the prime factors of r(g)?
3
Suppose y - 79 = 3*c, 0 = 6*y - 3*y + 3*c - 213. What are the prime factors of y?
73
Let a = -73 + 71. What are the prime factors of (6 + 77/(-14))/(a/(-796))?
199
Suppose 1 + 42 = -5*i + 3*s, 40 = -4*i + s. Let j(c) = c**2 - c. What are the prime factors of j(i)?
2, 3, 11
Suppose 5*p - v - 24 = 0, 2*p = 4*v - v + 20. Suppose 7*k = 3*k + p*z + 368, 5*k - 410 = -5*z. List the prime factors of k.
3, 29
Let q(y) = -y**2 - 30*y - 32. Let r be q(-13). Suppose 133 = 5*f + 2*t - 858, f - r = -5*t. List the prime factors of f.
199
Suppose -k - 105 = -5*q, 2 = q + 2*k - 19. Let n = 39 - q. List the prime factors of n.
2, 3
Let n(r) = -r - 92. Let h be n(18). Let m = 276 + h. What are the prime factors of m?
2, 83
Suppose 17*f - 25454 = -5*f. List the prime factors of f.
13, 89
What are the prime factors of (-16634)/(-8) + (-18)/72?
3, 7, 11
Let q = 158 + 103. List the prime factors of q.
3, 29
Let j(q) = q - 1. Let w be j(-7). Let x(l) = 122*l + 4. Let p be x(w). List the prime factors of (-2)/5 + p/(-30).
2
Suppose 4*z - 4*m + 50 = -3*m, 0 = 5*z + 5*m + 50. Let i = 2 + z. Let r(b) = b**2 + 9*b - 4. What are the prime factors of r(i)?
2, 3
Let q = -823 - -1206. Suppose -4*x + q = 3*n, 3*x + 254 = 2*n + 6*x. What are the prime factors of n?
7, 19
Let g(v) = -v**2 - 12*v + 18. Let h be g(-13). Suppose -5*x - 2*p = -497 - 135, -h*x + 648 = -2*p. List the prime factors of x.
2
Suppose 4*p - 46 = -2*z, -z + 5*z = -3*p + 97. Suppose -2*y = -7*y + z, 5*y + 547 = 4*w. What are the prime factors of w?
11, 13
Let r = 894 - 382. What are the prime factors of r?
2
Suppose 2*c = 3*c - 15. Let b(g) = -c*g - 23*g - 21*g + 21*g. List the prime factors of b(-1).
2, 19
What are the prime factors of ((-492)/(-10))/(-5*(-6)/525)?
3, 7, 41
Let w(y) = y**3 + 10*y**2 - 2*y - 18. Let q be w(-10). Suppose 0 = -4*k + q*k. Suppose -4*a = -k*a - 32. What are the prime factors of a?
2
Let t be -3 + (2 - 1)*5. Suppose 0*i + 4 = 2*i. Suppose i*s - t*l + 146 = 7*s, 2*l + 134 = 5*s. List the prime factors of s.
2, 7
Suppose 6*w - w = -60. List the prime factors of 4/(w/(-9)) + 23.
2, 13
Let x = -381 + 1270. What are the prime factors of x?
7, 127
Let q be (-6)/(-9)*(-36)/(-8). Let r be q + (169 - 10/5). Let s = r + -96. List the prime factors of s.
2, 37
Suppose 213 = 3*c - 78. Suppose -c = -4*f - z, -2*f + f = z - 28. List the prime factors of f.
23
Suppose 22*d = 2*w + 18*d - 7242, -3*d + 9 = 0. What are the prime factors of w?
3, 13, 31
List the